se 27*r = 20*r + 63. Calculate the highest common factor of 2 and r.
1
Let h(d) = -19*d + 26. Let s be h(-8). Suppose 3*w - z - 146 = -w, z = -5*w + s. What is the greatest common divisor of w and 18?
18
Suppose 0 = 77*z - 13*z - 4928. Suppose 2*d = -0*k - 3*k + 35, 0 = 5*k + 4*d - 59. Calculate the highest common factor of k and z.
11
Let p(a) = 38*a + 1. Let g be p(2). Suppose -t - 209 = -24*t - 48. Calculate the greatest common divisor of t and g.
7
Suppose 2*u = 6*u - 40. Suppose 3*b = 2*c + 2*b + 67, 5*c + 3*b = -162. Let o = c + 63. Calculate the greatest common divisor of o and u.
10
Suppose -41 = -3*g + 115. Suppose -43 + 979 - 91 = 65*o. What is the highest common divisor of o and g?
13
Let u = 454 - 445. Suppose -2*q = -q - 75. Suppose 24 = f - q. Calculate the highest common divisor of u and f.
9
Suppose 3*m = -0*m + 15. Calculate the highest common divisor of m and 35.
5
Suppose -387 = -51*k + 123. Let d be (-79)/(-2) + 3/6. What is the highest common factor of d and k?
10
Let p be 0*(-3 - 0 - -2). Suppose -b = -1 - p, -2*j = b - 289. What is the greatest common factor of j and 18?
18
Suppose 4*q = 34 - 18. Let u be q/(-48)*-6 + (-89)/(-2). Calculate the highest common divisor of 54 and u.
9
Suppose -k + 5 = -1. Suppose 4*t + 26 = k*t. Calculate the greatest common divisor of t and 52.
13
Suppose -19477 = -16*i + 12539. What is the greatest common divisor of 138 and i?
69
Let r be (-1)/(-2) + 11/2. Let m be (5/((-5)/r))/1. Let s(w) = 4*w**2 + 6*w - 3. Let x be s(m). What is the highest common factor of 15 and x?
15
Let j(l) be the second derivative of -69*l**3/2 + 2*l**2 + 6*l. Let g be j(-2). Let t be g/(-4)*(-4)/2. Calculate the highest common factor of t and 19.
19
Suppose 3*l = 7*l - 36. Suppose -5*w + 48 = -w - 3*s, -3*w + 4*s = -43. Calculate the highest common factor of l and w.
9
Let w be (-3)/15 - (-5)/((-175)/(-637)). Calculate the greatest common divisor of w and 30.
6
Suppose 6*x - 195 = x. Suppose x*o - 35*o - 48 = 0. Calculate the greatest common divisor of o and 60.
12
Let s(j) = -5*j**3 - 5*j**2 + 7*j - 3. Let q be s(3). Let p = -145 - -247. Let z = p - q. What is the greatest common divisor of 33 and z?
33
Suppose 2*n = w - 106, 2*w + 28 = -2*n + 228. Calculate the greatest common factor of w and 442.
34
Suppose -3*i + 2*i - 192 = 0. Let n(u) = 33*u**2 + 2*u - 4. Let c be n(-3). Let s = i + c. Calculate the highest common divisor of s and 38.
19
Let d be 2/(-7) - 256/(-14). Let j(b) = 4 + 0 - 12 + 5 - 15*b. Let q be j(-2). Calculate the highest common divisor of q and d.
9
Let a(r) = 20*r - 42. Let g be a(5). Calculate the greatest common factor of g and 319.
29
Let s = 275 + 212. Suppose -9*a + 332 = -s. What is the greatest common divisor of 13 and a?
13
Let t(d) = -18*d - 48. Let w be t(-3). Calculate the highest common factor of 114 and w.
6
Let t = 42 - 26. Let f = 90 + -26. Calculate the highest common divisor of f and t.
16
Suppose -2*g - m = 2, -3*g - 3*m - 9 = -0*m. What is the highest common divisor of 92 and g?
1
Let z = 159 - 155. Let p be z/6 + 424/12. Suppose -12 = -2*t + 36. Calculate the greatest common factor of t and p.
12
Suppose 0*w - 80 = 5*p - 3*w, 0 = -2*p + 3*w - 32. Let m = p + 18. Suppose -4*a = m - 26. What is the highest common divisor of 4 and a?
2
Let u = 354 + -202. Suppose -4*o = -51 + 999. Let v be o/(-12) - 6/8. What is the greatest common factor of v and u?
19
Let a(k) = -k**3 + 5*k**2 + 4*k - 4. Let n be a(5). Suppose -571*u + 240 = -568*u. Calculate the highest common factor of n and u.
16
Let r be 8*(1 - (-9)/(-12)). Suppose r*z = -2*z - 220. Let a = -35 - z. Calculate the highest common divisor of a and 40.
20
Suppose 0 = 5*u - 15, -4*u - 108 = 4*q - 12. Let b be 9/(q/(-12))*14/2. Calculate the highest common factor of 140 and b.
28
Suppose 5*k - 7 = 18. Suppose 4*c = 52 - 12. Suppose -k*o = -2*u + c, -5*u - 3*o + 60 = 2*o. Calculate the greatest common divisor of u and 20.
10
Let m = -9 - -47. Let u = m - 24. Let t = 18 - u. What is the greatest common divisor of t and 28?
4
Suppose 0 = -2*m - 2*m. Suppose 2*a + 8 = m, -3*h + 601 = -a + 3*a. Calculate the greatest common divisor of h and 29.
29
Let x = -1794 + 1816. What is the highest common factor of 627 and x?
11
Suppose h = -94 - 25. Let y = 210 + h. Suppose 5*s = 17*s - 156. Calculate the greatest common factor of y and s.
13
Suppose -2*h - 12 - 78 = 2*z, 4*z - 4*h = -204. Let c = z - -57. What is the greatest common factor of c and 153?
9
Suppose 20 = 6*y - y. Let k be (85/(-15) + 3)*(-207)/6. Suppose 3*s - 4*c = k, -5*s - 5*c + 95 + 105 = 0. Calculate the highest common factor of s and y.
4
Suppose 0 = -3*w - 3*w + 372. Suppose -l + 37 = -w. What is the greatest common factor of l and 9?
9
Let g(n) = 4*n - 56. Let f be g(0). Let j = -21 - f. Suppose -3*a + 1 = 2*v - 4, 3*a - 4*v = j. What is the highest common divisor of a and 20?
5
Let i = 2188 + -1473. Calculate the highest common factor of 130 and i.
65
Let t(l) = 43*l. Let w be t(3). Let i be 158/(-474) - (656/(-15) + (-2)/(-5)). Calculate the highest common factor of i and w.
43
Suppose 2*a + 123 = -4*b + 1137, -511 = -2*b - 5*a. What is the greatest common divisor of b and 23?
23
Suppose 19216 - 1640 = 26*c. Calculate the greatest common factor of 104 and c.
52
Suppose 0 = 3*m + 2*a + 27, m - a = 4*m + 30. Let q = m + 13. Suppose q*o - 101 = -11. What is the highest common divisor of 9 and o?
9
Suppose 2*l + 1 = -y, -6*l = 4*y - 8*l - 26. Calculate the highest common factor of 125 and y.
5
Let z be 1*-1*(-4 - 62). Let h = z - 47. Let w(x) = x**3 + 11*x**2 + 3*x + 3. Let f be w(-8). What is the greatest common factor of f and h?
19
Let p be -1 + 5 + 124*7/14. Calculate the highest common divisor of 44 and p.
22
Let h(l) = 30*l**2 + 5*l + 1. Suppose -5*d = 5*u - 15, -2*d + 0*u + 18 = 5*u. Let w be h(d). What is the greatest common divisor of 65 and w?
13
Let t = -1203 + 1218. Calculate the greatest common factor of t and 405.
15
Let s(f) = -6*f - 23. Let o be s(-5). Let v be ((-2)/o*-9)/(1/91). What is the highest common factor of 26 and v?
26
Let r(k) = -k - 15. Let q be r(-19). Suppose 5*y - 736 = -q*w, 3*y + w = -2*y + 724. What is the highest common factor of y and 16?
16
Suppose 0 = 3*l - 3, -l + 180 = 2*i + 155. Let q be 0 + -1 + (1 - -28). Calculate the highest common factor of q and i.
4
Let z be 6*(2 + (-16)/(-6)). Let o = -61 + 1321. Suppose 4*p = -p + o. What is the greatest common divisor of p and z?
28
Suppose k - 828 = -201. Calculate the greatest common factor of k and 33.
33
Let x be 8/8 + (-55 - (-2)/(-2)). Let r be (-2 + -33)*11/x. What is the greatest common factor of r and 63?
7
Let u = -171 + 257. Suppose 2*a - u = -30. Calculate the greatest common divisor of 196 and a.
28
Let j be (114/95)/((-1104)/555 - -2). Let m be -10*(-26)/(-4)*-1. Suppose 4*c - m = j. What is the greatest common factor of 110 and c?
22
Suppose 0*f = -5*f - 65. Let h = f + 24. Suppose c = -0*c + 77. What is the highest common divisor of h and c?
11
Suppose 3*k - 1468 = 5*d + 249, 4*d = -4*k - 1380. Let m = -57 - d. What is the highest common divisor of 41 and m?
41
Let r = -77 + 93. Let d(m) = -m**3 + 14*m**2 + 34*m + 2. Let l be d(r). What is the highest common factor of 85 and l?
17
Let z(h) be the first derivative of -h**3/3 - 11*h**2/2 - 19*h + 38. Let p be z(-7). Calculate the greatest common factor of p and 9.
9
Let p(l) = -l**2 + 6*l. Let z = 21 + -15. Let g be p(z). Suppose 15 = i - g. What is the highest common divisor of 105 and i?
15
Let v be (-1)/((-2)/14) - (-1014)/13. Suppose -45 = -2*s + 3*x - 17, -s + x + 15 = 0. What is the greatest common divisor of s and v?
17
Let n(d) = -d**2 + 9*d**2 - 11 + 0*d**2 - d**3 + 2*d. Let l = 6 + 2. Let w be n(l). Calculate the highest common divisor of w and 40.
5
Let v be (-3)/6 + 546/4. Let s = v + -122. What is the highest common factor of s and 28?
14
Let c = -86 - -13. Let k = 74 + c. Let m = 3 - 0. Calculate the highest common factor of k and m.
1
Let t = -7 + 21. What is the highest common divisor of 182 and t?
14
Suppose -2*v + 16*v - 56 = 0. Calculate the highest common factor of 86 and v.
2
Suppose -4*l + 628 = 4*v, 48 = l - v - 99. Calculate the highest common factor of l and 19.
19
Let g be 3/(123/(-18) - 